{"id":747,"date":"2025-02-18T16:00:35","date_gmt":"2025-02-18T16:00:35","guid":{"rendered":"https:\/\/blastprocessor.de\/fahrfair\/?page_id=747"},"modified":"2025-04-07T09:18:44","modified_gmt":"2025-04-07T09:18:44","slug":"startseite","status":"publish","type":"page","link":"https:\/\/fahrfair-herford.de\/","title":{"rendered":"Startseite"},"content":{"rendered":"\t\t<div data-elementor-type=\"wp-page\" data-elementor-id=\"747\" class=\"elementor elementor-747\" data-elementor-post-type=\"page\">\n\t\t\t\t<div class=\"elementor-element elementor-element-7af1398 e-con-full e-flex e-con e-parent\" data-id=\"7af1398\" data-element_type=\"container\" data-e-type=\"container\" data-settings=\"{&quot;background_background&quot;:&quot;classic&quot;}\">\n\t\t<div class=\"elementor-element elementor-element-56ae7d5 e-grid e-con-full e-con e-child\" data-id=\"56ae7d5\" data-element_type=\"container\" data-e-type=\"container\">\n\t\t<div class=\"elementor-element elementor-element-55a08c5 e-con-full e-flex e-con e-child\" data-id=\"55a08c5\" data-element_type=\"container\" data-e-type=\"container\">\n\t\t\t\t<div class=\"elementor-element elementor-element-44febea elementor-widget elementor-widget-heading\" data-id=\"44febea\" data-element_type=\"widget\" data-e-type=\"widget\" data-widget_type=\"heading.default\">\n\t\t\t\t<div class=\"elementor-widget-container\">\n\t\t\t\t\t<span class=\"elementor-heading-title elementor-size-default\">Mit uns f\u00e4hrst du fair<\/span>\t\t\t\t<\/div>\n\t\t\t\t<\/div>\n\t\t\t\t<div class=\"elementor-element elementor-element-01efb1a elementor-widget elementor-widget-text-editor\" data-id=\"01efb1a\" data-element_type=\"widget\" data-e-type=\"widget\" data-widget_type=\"text-editor.default\">\n\t\t\t\t<div class=\"elementor-widget-container\">\n\t\t\t\t\t\t\t\t\t<p>Deine Werkstatt des Vertrauens in allen Belangen<\/p>\t\t\t\t\t\t\t\t<\/div>\n\t\t\t\t<\/div>\n\t\t\t\t<div class=\"elementor-element elementor-element-a1e2720 elementor-align-center elementor-widget elementor-widget-button\" data-id=\"a1e2720\" data-element_type=\"widget\" data-e-type=\"widget\" data-widget_type=\"button.default\">\n\t\t\t\t<div class=\"elementor-widget-container\">\n\t\t\t\t\t\t\t\t\t<div class=\"elementor-button-wrapper\">\n\t\t\t\t\t<a class=\"elementor-button elementor-button-link elementor-size-sm\" href=\"https:\/\/fahrfair-herford.de\/index.php\/jetzt-termin-vereinbaren\/\">\n\t\t\t\t\t\t<span class=\"elementor-button-content-wrapper\">\n\t\t\t\t\t\t\t\t\t<span class=\"elementor-button-text\">Jetzt Termin vereinbaren<\/span>\n\t\t\t\t\t<\/span>\n\t\t\t\t\t<\/a>\n\t\t\t\t<\/div>\n\t\t\t\t\t\t\t\t<\/div>\n\t\t\t\t<\/div>\n\t\t\t\t<\/div>\n\t\t\t\t<\/div>\n\t\t\t\t<\/div>\n\t\t<div class=\"elementor-element elementor-element-8e655e0 e-flex e-con-boxed e-con e-parent\" data-id=\"8e655e0\" data-element_type=\"container\" data-e-type=\"container\">\n\t\t\t\t\t<div class=\"e-con-inner\">\n\t\t\t\t<div class=\"elementor-element elementor-element-52f322d elementor-widget elementor-widget-heading\" data-id=\"52f322d\" data-element_type=\"widget\" data-e-type=\"widget\" data-widget_type=\"heading.default\">\n\t\t\t\t<div class=\"elementor-widget-container\">\n\t\t\t\t\t<h2 class=\"elementor-heading-title elementor-size-default\">Deine KFZ-Meisterwerkstatt in Herford<\/h2>\t\t\t\t<\/div>\n\t\t\t\t<\/div>\n\t\t\t\t<div class=\"elementor-element elementor-element-1cf1625 elementor-widget elementor-widget-text-editor\" data-id=\"1cf1625\" data-element_type=\"widget\" data-e-type=\"widget\" data-widget_type=\"text-editor.default\">\n\t\t\t\t<div class=\"elementor-widget-container\">\n\t\t\t\t\t\t\t\t\t<p>Willkommen in unserer Werkstatt! Hier f\u00fchlen sich Mensch und Maschine gleicherma\u00dfen wohl.<br \/>Egal ob Reifenwechsel, Karosseriearbeiten oder auch au\u00dferordentliche Reparaturen \u2013 wir stehen dir mir Rat und Tat zur Seite! In unserer Werkstatt in Herford empfangen wir Fahrzeuge jeder Art, Marke und jeden Baujahres. Ebenfalls dein E-Auto ist bei uns in besten H\u00e4nden.<\/p><p>Du m\u00f6chtest mehr \u00fcber unser Angebot erfahren?<br \/>Dann schau mal hier vorbei: <a href=\"https:\/\/fahrfair-herford.de\/index.php\/leistungen\/\">Leistungen<\/a><\/p>\t\t\t\t\t\t\t\t<\/div>\n\t\t\t\t<\/div>\n\t\t\t\t\t<\/div>\n\t\t\t\t<\/div>\n\t\t<div class=\"elementor-element elementor-element-ec2b9f1 e-grid e-con-boxed e-con e-parent\" data-id=\"ec2b9f1\" data-element_type=\"container\" data-e-type=\"container\" data-settings=\"{&quot;background_background&quot;:&quot;classic&quot;}\">\n\t\t\t\t\t<div class=\"e-con-inner\">\n\t\t\t\t<div class=\"elementor-element elementor-element-253f8ba elementor-widget elementor-widget-image\" data-id=\"253f8ba\" data-element_type=\"widget\" data-e-type=\"widget\" data-widget_type=\"image.default\">\n\t\t\t\t<div class=\"elementor-widget-container\">\n\t\t\t\t\t\t\t\t\t\t\t\t\t\t\t<img fetchpriority=\"high\" decoding=\"async\" width=\"800\" height=\"800\" src=\"https:\/\/fahrfair-herford.de\/wp-content\/uploads\/2025\/02\/Bild-2-1024x1024.jpg\" class=\"attachment-large size-large wp-image-774\" alt=\"\" srcset=\"https:\/\/fahrfair-herford.de\/wp-content\/uploads\/2025\/02\/Bild-2-1024x1024.jpg 1024w, https:\/\/fahrfair-herford.de\/wp-content\/uploads\/2025\/02\/Bild-2-300x300.jpg 300w, https:\/\/fahrfair-herford.de\/wp-content\/uploads\/2025\/02\/Bild-2-150x150.jpg 150w, https:\/\/fahrfair-herford.de\/wp-content\/uploads\/2025\/02\/Bild-2-768x768.jpg 768w, https:\/\/fahrfair-herford.de\/wp-content\/uploads\/2025\/02\/Bild-2-1536x1536.jpg 1536w, https:\/\/fahrfair-herford.de\/wp-content\/uploads\/2025\/02\/Bild-2-2048x2048.jpg 2048w\" sizes=\"(max-width: 800px) 100vw, 800px\" \/>\t\t\t\t\t\t\t\t\t\t\t\t\t\t\t<\/div>\n\t\t\t\t<\/div>\n\t\t\t\t<div class=\"elementor-element elementor-element-2358eaf elementor-widget elementor-widget-image\" data-id=\"2358eaf\" data-element_type=\"widget\" data-e-type=\"widget\" data-widget_type=\"image.default\">\n\t\t\t\t<div class=\"elementor-widget-container\">\n\t\t\t\t\t\t\t\t\t\t\t\t\t\t\t<img decoding=\"async\" width=\"800\" height=\"800\" src=\"https:\/\/fahrfair-herford.de\/wp-content\/uploads\/2025\/02\/Bild-3-1024x1024.jpg\" class=\"attachment-large size-large wp-image-775\" alt=\"\" srcset=\"https:\/\/fahrfair-herford.de\/wp-content\/uploads\/2025\/02\/Bild-3-1024x1024.jpg 1024w, https:\/\/fahrfair-herford.de\/wp-content\/uploads\/2025\/02\/Bild-3-300x300.jpg 300w, https:\/\/fahrfair-herford.de\/wp-content\/uploads\/2025\/02\/Bild-3-150x150.jpg 150w, https:\/\/fahrfair-herford.de\/wp-content\/uploads\/2025\/02\/Bild-3-768x768.jpg 768w, https:\/\/fahrfair-herford.de\/wp-content\/uploads\/2025\/02\/Bild-3-1536x1536.jpg 1536w, https:\/\/fahrfair-herford.de\/wp-content\/uploads\/2025\/02\/Bild-3-2048x2048.jpg 2048w\" sizes=\"(max-width: 800px) 100vw, 800px\" \/>\t\t\t\t\t\t\t\t\t\t\t\t\t\t\t<\/div>\n\t\t\t\t<\/div>\n\t\t\t\t<div class=\"elementor-element elementor-element-331e0cd elementor-widget elementor-widget-image\" data-id=\"331e0cd\" data-element_type=\"widget\" data-e-type=\"widget\" data-widget_type=\"image.default\">\n\t\t\t\t<div class=\"elementor-widget-container\">\n\t\t\t\t\t\t\t\t\t\t\t\t\t\t\t<img decoding=\"async\" width=\"800\" height=\"800\" src=\"https:\/\/fahrfair-herford.de\/wp-content\/uploads\/2025\/02\/Bild-4-1024x1024.jpg\" class=\"attachment-large size-large wp-image-776\" alt=\"\" srcset=\"https:\/\/fahrfair-herford.de\/wp-content\/uploads\/2025\/02\/Bild-4-1024x1024.jpg 1024w, https:\/\/fahrfair-herford.de\/wp-content\/uploads\/2025\/02\/Bild-4-300x300.jpg 300w, https:\/\/fahrfair-herford.de\/wp-content\/uploads\/2025\/02\/Bild-4-150x150.jpg 150w, https:\/\/fahrfair-herford.de\/wp-content\/uploads\/2025\/02\/Bild-4-768x768.jpg 768w, https:\/\/fahrfair-herford.de\/wp-content\/uploads\/2025\/02\/Bild-4-1536x1536.jpg 1536w, https:\/\/fahrfair-herford.de\/wp-content\/uploads\/2025\/02\/Bild-4-2048x2048.jpg 2048w\" sizes=\"(max-width: 800px) 100vw, 800px\" \/>\t\t\t\t\t\t\t\t\t\t\t\t\t\t\t<\/div>\n\t\t\t\t<\/div>\n\t\t\t\t\t<\/div>\n\t\t\t\t<\/div>\n\t\t<div class=\"elementor-element elementor-element-ea0e9f9 e-flex e-con-boxed e-con e-parent\" data-id=\"ea0e9f9\" data-element_type=\"container\" data-e-type=\"container\">\n\t\t\t\t\t<div class=\"e-con-inner\">\n\t\t\t\t<div class=\"elementor-element elementor-element-2bd36c8 elementor-widget elementor-widget-heading\" data-id=\"2bd36c8\" data-element_type=\"widget\" data-e-type=\"widget\" data-widget_type=\"heading.default\">\n\t\t\t\t<div class=\"elementor-widget-container\">\n\t\t\t\t\t<h2 class=\"elementor-heading-title elementor-size-default\">Alles eine Sache des Vertrauens<\/h2>\t\t\t\t<\/div>\n\t\t\t\t<\/div>\n\t\t\t\t<div class=\"elementor-element elementor-element-a194130 elementor-widget elementor-widget-text-editor\" data-id=\"a194130\" data-element_type=\"widget\" data-e-type=\"widget\" data-widget_type=\"text-editor.default\">\n\t\t\t\t<div class=\"elementor-widget-container\">\n\t\t\t\t\t\t\t\t\t<p>Ein Auto ist weitaus mehr, als nur Blech. Oft verbindet man eine Vielzahl an Erinnerungen und Emotionen mit dem allt\u00e4glichen Begleiter und w\u00fcnscht sich diesen noch lange an seiner Seite zu wissen. Der Besuch in der Werkstatt geht also mit viel Vertrauen einher. Eben dieses Vertrauen wissen wir sehr zu sch\u00e4tzen und nehmen unsere Kunden daher im gesamten Prozess so gut, wie nur m\u00f6glich mit.<br \/>Lern unser Team hier schon mal besser kennen: <a href=\"https:\/\/fahrfair-herford.de\/index.php\/ueber-uns\/\">\u00dcber uns<\/a><\/p>\t\t\t\t\t\t\t\t<\/div>\n\t\t\t\t<\/div>\n\t\t\t\t\t<\/div>\n\t\t\t\t<\/div>\n\t\t\t\t<\/div>\n\t\t","protected":false},"excerpt":{"rendered":"<p>Mit uns f\u00e4hrst du fair Deine Werkstatt des Vertrauens in allen Belangen Jetzt Termin vereinbaren Deine KFZ-Meisterwerkstatt in Herford Willkommen in unserer Werkstatt! Hier f\u00fchlen sich Mensch und Maschine gleicherma\u00dfen wohl.Egal ob Reifenwechsel, Karosseriearbeiten oder auch au\u00dferordentliche Reparaturen \u2013 wir stehen dir mir Rat und Tat zur Seite! In unserer Werkstatt in Herford empfangen wir [&hellip;]<\/p>\n","protected":false},"author":1,"featured_media":0,"parent":0,"menu_order":0,"comment_status":"closed","ping_status":"closed","template":"","meta":{"footnotes":""},"class_list":["post-747","page","type-page","status-publish","hentry"],"_links":{"self":[{"href":"https:\/\/fahrfair-herford.de\/index.php\/wp-json\/wp\/v2\/pages\/747","targetHints":{"allow":["GET"]}}],"collection":[{"href":"https:\/\/fahrfair-herford.de\/index.php\/wp-json\/wp\/v2\/pages"}],"about":[{"href":"https:\/\/fahrfair-herford.de\/index.php\/wp-json\/wp\/v2\/types\/page"}],"author":[{"embeddable":true,"href":"https:\/\/fahrfair-herford.de\/index.php\/wp-json\/wp\/v2\/users\/1"}],"replies":[{"embeddable":true,"href":"https:\/\/fahrfair-herford.de\/index.php\/wp-json\/wp\/v2\/comments?post=747"}],"version-history":[{"count":49,"href":"https:\/\/fahrfair-herford.de\/index.php\/wp-json\/wp\/v2\/pages\/747\/revisions"}],"predecessor-version":[{"id":1197,"href":"https:\/\/fahrfair-herford.de\/index.php\/wp-json\/wp\/v2\/pages\/747\/revisions\/1197"}],"wp:attachment":[{"href":"https:\/\/fahrfair-herford.de\/index.php\/wp-json\/wp\/v2\/media?parent=747"}],"curies":[{"name":"wp","href":"https:\/\/api.w.org\/{rel}","templated":true}]}}

<div data-elementor-type="wp-page" data-elementor-id="747" class="elementor elementor-747" data-elementor-post-type="page">
				<div class="elementor-element elementor-element-7af1398 e-con-full e-flex e-con e-parent" data-id="7af1398" data-element_type="container" data-e-type="container" data-settings="{&quot;background_background&quot;:&quot;classic&quot;}">
		<div class="elementor-element elementor-element-56ae7d5 e-grid e-con-full e-con e-child" data-id="56ae7d5" data-element_type="container" data-e-type="container">
		<div class="elementor-element elementor-element-55a08c5 e-con-full e-flex e-con e-child" data-id="55a08c5" data-element_type="container" data-e-type="container">
				<div class="elementor-element elementor-element-44febea elementor-widget elementor-widget-heading" data-id="44febea" data-element_type="widget" data-e-type="widget" data-widget_type="heading.default">
				<div class="elementor-widget-container">
					<span class="elementor-heading-title elementor-size-default">Mit uns fährst du fair</span>				</div>
				</div>
				<div class="elementor-element elementor-element-01efb1a elementor-widget elementor-widget-text-editor" data-id="01efb1a" data-element_type="widget" data-e-type="widget" data-widget_type="text-editor.default">
				<div class="elementor-widget-container">
									<p>Deine Werkstatt des Vertrauens in allen Belangen</p>								</div>
				</div>
				<div class="elementor-element elementor-element-a1e2720 elementor-align-center elementor-widget elementor-widget-button" data-id="a1e2720" data-element_type="widget" data-e-type="widget" data-widget_type="button.default">
				<div class="elementor-widget-container">
									<div class="elementor-button-wrapper">
					<a class="elementor-button elementor-button-link elementor-size-sm" href="https://fahrfair-herford.de/index.php/jetzt-termin-vereinbaren/">
						<span class="elementor-button-content-wrapper">
									<span class="elementor-button-text">Jetzt Termin vereinbaren</span>
					</span>
					</a>
				</div>
								</div>
				</div>
				</div>
				</div>
				</div>
		<div class="elementor-element elementor-element-8e655e0 e-flex e-con-boxed e-con e-parent" data-id="8e655e0" data-element_type="container" data-e-type="container">
					<div class="e-con-inner">
				<div class="elementor-element elementor-element-52f322d elementor-widget elementor-widget-heading" data-id="52f322d" data-element_type="widget" data-e-type="widget" data-widget_type="heading.default">
				<div class="elementor-widget-container">
					<h2 class="elementor-heading-title elementor-size-default">Deine KFZ-Meisterwerkstatt in Herford</h2>				</div>
				</div>
				<div class="elementor-element elementor-element-1cf1625 elementor-widget elementor-widget-text-editor" data-id="1cf1625" data-element_type="widget" data-e-type="widget" data-widget_type="text-editor.default">
				<div class="elementor-widget-container">
									<p>Willkommen in unserer Werkstatt! Hier fühlen sich Mensch und Maschine gleichermaßen wohl.<br />Egal ob Reifenwechsel, Karosseriearbeiten oder auch außerordentliche Reparaturen – wir stehen dir mir Rat und Tat zur Seite! In unserer Werkstatt in Herford empfangen wir Fahrzeuge jeder Art, Marke und jeden Baujahres. Ebenfalls dein E-Auto ist bei uns in besten Händen.</p><p>Du möchtest mehr über unser Angebot erfahren?<br />Dann schau mal hier vorbei: <a href="https://fahrfair-herford.de/index.php/leistungen/">Leistungen</a></p>								</div>
				</div>
					</div>
				</div>
		<div class="elementor-element elementor-element-ec2b9f1 e-grid e-con-boxed e-con e-parent" data-id="ec2b9f1" data-element_type="container" data-e-type="container" data-settings="{&quot;background_background&quot;:&quot;classic&quot;}">
					<div class="e-con-inner">
				<div class="elementor-element elementor-element-253f8ba elementor-widget elementor-widget-image" data-id="253f8ba" data-element_type="widget" data-e-type="widget" data-widget_type="image.default">
				<div class="elementor-widget-container">
															<img fetchpriority="high" decoding="async" width="800" height="800" src="https://fahrfair-herford.de/wp-content/uploads/2025/02/Bild-2-1024x1024.jpg" class="attachment-large size-large wp-image-774" alt="" srcset="https://fahrfair-herford.de/wp-content/uploads/2025/02/Bild-2-1024x1024.jpg 1024w, https://fahrfair-herford.de/wp-content/uploads/2025/02/Bild-2-300x300.jpg 300w, https://fahrfair-herford.de/wp-content/uploads/2025/02/Bild-2-150x150.jpg 150w, https://fahrfair-herford.de/wp-content/uploads/2025/02/Bild-2-768x768.jpg 768w, https://fahrfair-herford.de/wp-content/uploads/2025/02/Bild-2-1536x1536.jpg 1536w, https://fahrfair-herford.de/wp-content/uploads/2025/02/Bild-2-2048x2048.jpg 2048w" sizes="(max-width: 800px) 100vw, 800px" />															</div>
				</div>
				<div class="elementor-element elementor-element-2358eaf elementor-widget elementor-widget-image" data-id="2358eaf" data-element_type="widget" data-e-type="widget" data-widget_type="image.default">
				<div class="elementor-widget-container">
															<img decoding="async" width="800" height="800" src="https://fahrfair-herford.de/wp-content/uploads/2025/02/Bild-3-1024x1024.jpg" class="attachment-large size-large wp-image-775" alt="" srcset="https://fahrfair-herford.de/wp-content/uploads/2025/02/Bild-3-1024x1024.jpg 1024w, https://fahrfair-herford.de/wp-content/uploads/2025/02/Bild-3-300x300.jpg 300w, https://fahrfair-herford.de/wp-content/uploads/2025/02/Bild-3-150x150.jpg 150w, https://fahrfair-herford.de/wp-content/uploads/2025/02/Bild-3-768x768.jpg 768w, https://fahrfair-herford.de/wp-content/uploads/2025/02/Bild-3-1536x1536.jpg 1536w, https://fahrfair-herford.de/wp-content/uploads/2025/02/Bild-3-2048x2048.jpg 2048w" sizes="(max-width: 800px) 100vw, 800px" />															</div>
				</div>
				<div class="elementor-element elementor-element-331e0cd elementor-widget elementor-widget-image" data-id="331e0cd" data-element_type="widget" data-e-type="widget" data-widget_type="image.default">
				<div class="elementor-widget-container">
															<img decoding="async" width="800" height="800" src="https://fahrfair-herford.de/wp-content/uploads/2025/02/Bild-4-1024x1024.jpg" class="attachment-large size-large wp-image-776" alt="" srcset="https://fahrfair-herford.de/wp-content/uploads/2025/02/Bild-4-1024x1024.jpg 1024w, https://fahrfair-herford.de/wp-content/uploads/2025/02/Bild-4-300x300.jpg 300w, https://fahrfair-herford.de/wp-content/uploads/2025/02/Bild-4-150x150.jpg 150w, https://fahrfair-herford.de/wp-content/uploads/2025/02/Bild-4-768x768.jpg 768w, https://fahrfair-herford.de/wp-content/uploads/2025/02/Bild-4-1536x1536.jpg 1536w, https://fahrfair-herford.de/wp-content/uploads/2025/02/Bild-4-2048x2048.jpg 2048w" sizes="(max-width: 800px) 100vw, 800px" />															</div>
				</div>
					</div>
				</div>
		<div class="elementor-element elementor-element-ea0e9f9 e-flex e-con-boxed e-con e-parent" data-id="ea0e9f9" data-element_type="container" data-e-type="container">
					<div class="e-con-inner">
				<div class="elementor-element elementor-element-2bd36c8 elementor-widget elementor-widget-heading" data-id="2bd36c8" data-element_type="widget" data-e-type="widget" data-widget_type="heading.default">
				<div class="elementor-widget-container">
					<h2 class="elementor-heading-title elementor-size-default">Alles eine Sache des Vertrauens</h2>				</div>
				</div>
				<div class="elementor-element elementor-element-a194130 elementor-widget elementor-widget-text-editor" data-id="a194130" data-element_type="widget" data-e-type="widget" data-widget_type="text-editor.default">
				<div class="elementor-widget-container">
									<p>Ein Auto ist weitaus mehr, als nur Blech. Oft verbindet man eine Vielzahl an Erinnerungen und Emotionen mit dem alltäglichen Begleiter und wünscht sich diesen noch lange an seiner Seite zu wissen. Der Besuch in der Werkstatt geht also mit viel Vertrauen einher. Eben dieses Vertrauen wissen wir sehr zu schätzen und nehmen unsere Kunden daher im gesamten Prozess so gut, wie nur möglich mit.<br />Lern unser Team hier schon mal besser kennen: <a href="https://fahrfair-herford.de/index.php/ueber-uns/">Über uns</a></p>								</div>
				</div>
					</div>
				</div>
				</div>

<p>Mit uns fährst du fair Deine Werkstatt des Vertrauens in allen Belangen Jetzt Termin vereinbaren Deine KFZ-Meisterwerkstatt in Herford Willkommen in unserer Werkstatt! Hier fühlen sich Mensch und Maschine gleichermaßen wohl.Egal ob Reifenwechsel, Karosseriearbeiten oder auch außerordentliche Reparaturen – wir stehen dir mir Rat und Tat zur Seite! In unserer Werkstatt in Herford empfangen wir [&hellip;]</p>
